 (2 + -2 + 0)/(-1). Let n(g) = -g + 10. What is the tens digit of n(f)?
1
Suppose 0 = -v - 3*x + 93 + 71, 4*x = -3*v + 482. What is the units digit of v?
8
What is the tens digit of 6/8 + (-826)/(-8)?
0
Let t(i) = 2*i + 4. Suppose -16 = -d - 5*m, -32 = 5*d - 3*m - 0*m. Let w be t(d). Let k(h) = -h**2 - 7*h - 6. What is the units digit of k(w)?
6
Let s(b) = 5*b + 5. Let y be s(7). Suppose 3*i - 29 - y = 0. What is the units digit of i?
3
Suppose -4*a + a + 121 = d, 2 = 2*d. What is the units digit of a?
0
Let r = 99 + -52. What is the tens digit of r?
4
Suppose -3*d = -5*g - 7*d + 208, -5*g - 2*d + 204 = 0. Suppose -3*y + g = -y. Suppose -4*z = 2*l - 0*z - y, -4*l + 35 = 3*z. What is the units digit of l?
8
Let o(t) = 1. Let y(j) = 5*j + 11. Let h(p) = 4*o(p) - y(p). Let d be h(-5). What is the tens digit of 220/d + 4/(-18)?
1
Let v = 93 + -41. What is the units digit of v?
2
Let g(c) = -c**2 + 8*c - 9. Let h be g(6). What is the units digit of 6/(h + -4)*-1?
6
What is the units digit of 1*1/3*15?
5
Suppose -4*l = 5*u - 7*u + 368, -3*u + 543 = -3*l. What is the tens digit of u?
7
Suppose -h + 2 = -1. Suppose 4*q - 15 = q. Let n = q - h. What is the units digit of n?
2
Let r = -3 - -6. Suppose -2*b = 5*i - 6*b - 39, r*b = -i + 4. What is the units digit of i?
7
Suppose -u - u = -10. Suppose -u*z + 19 + 16 = 0. Let a = z + -4. What is the units digit of a?
3
What is the tens digit of 9/((-27)/(-6)) - -32?
3
Let w(x) = -2*x**2 + 37*x. What is the tens digit of w(11)?
6
Let c(u) = 8*u**2 - 9*u - 14. Let x(n) = 7*n**2 - 10*n - 13. Let s(h) = 6*c(h) - 7*x(h). What is the tens digit of s(15)?
2
Let b = -11 - -13. Suppose -3*o - b*c + 5*c + 84 = 0, 5*o + c = 140. Suppose 5*y - o = 3*y + f, 0 = 2*y + f - 36. What is the units digit of y?
6
Let x = -114 + 194. What is the tens digit of x?
8
Let l be 1*2*(2 - 1). Suppose 5*k + 4*y - 56 = l*y, -k = 5*y - 2. What is the tens digit of k?
1
Let d be 3/(-3)*(-1 - 1). Suppose 5*t = -n - 23, -t - 3 = d. What is the units digit of n?
2
Let q = 1 - -1. Suppose t = r + 114 - 32, q*t - 4*r = 164. Suppose -m + 6*m + 4*o = t, -2*m = 5*o - 43. What is the units digit of m?
4
Let g = 1 - 4. What is the units digit of 0/g + (-66)/(-2)?
3
Let u be ((-30)/(-4))/(1/2). Suppose 0 = -3*t + u, -t - 3 = -3*b + 2*t. What is the units digit of b?
6
Let r = 3 + -6. Let z be ((-1)/r)/(3/45). Suppose y - 2*y - z*h = -1, 2*h = 3*y - 54. What is the tens digit of y?
1
Suppose 0 = 3*p - 6*p, u - 3*p = 62. What is the tens digit of u?
6
Suppose 4*r = 2*u - 0*u - 20, -3*r = -5*u + 29. Suppose 0 = 3*t - 4*t + 2. Suppose 5*n = n - t*j + 6, -4*j - 36 = -u*n. What is the units digit of n?
4
Suppose 2*v - 3*v - 2 = 0. What is the units digit of 1 - -9 - (v - -4)?
8
Suppose 5*t = -2*a + 227, -2*a + 596 = 3*a + 3*t. What is the hundreds digit of a?
1
Let j(x) = x**3 + 8*x**2 + 10*x + 2. Let o be j(-7). Let s = o - -34. Let p = s - 11. What is the units digit of p?
4
Suppose -2*w = 3*w - 40. Suppose -4*i - 2*r - r = -20, -i - 4*r - w = 0. What is the units digit of i?
8
Let i(y) = -2*y + 29. What is the tens digit of i(-12)?
5
Let s(p) = p**3 - 3*p**2 + 5*p - 2. Let r be ((-2)/1)/(2 + -3). Let x = 1 + r. What is the units digit of s(x)?
3
Let q = -201 - -505. What is the hundreds digit of q?
3
Let p = 29 + -16. Let f = -1 + p. What is the units digit of f?
2
Suppose -5*t + 15 = -0*t. Suppose 3 = 3*j - 3*l, -t*j + j + 3*l = 0. Suppose 0 = -2*f + 1 + j. What is the units digit of f?
2
Suppose -4*m + 8 = -0*m. What is the units digit of m?
2
Suppose 3*d + 123 = 5*a, -3*a + a = -6. Let f = -17 - d. What is the tens digit of f?
1
Suppose -12*a = -10*a - 330. What is the hundreds digit of a?
1
Suppose 0 = 5*f - 263 - 82. What is the units digit of f?
9
Let h(f) = -49*f**3 + f. Let j be h(-1). Let m = -32 + j. What is the units digit of m?
6
Let u(z) = -z - 1. Let a be u(-1). Suppose o + 2 = -2*j, 3*o + a = -5*j - 2. What is the units digit of o?
6
Suppose -3*z + 10 = -2*v + v, 4*v = 2*z. Suppose -3*j - b = -11, -1 = -4*j - 3*b + 12. Suppose z*x - 3*x - j = 0. What is the units digit of x?
4
Let h(f) = f**3 - 3*f**2 + 4*f + 1. What is the tens digit of h(4)?
3
Let z = 19 - 0. What is the tens digit of z?
1
Let x = -6 + 4. Let d(y) = -2*y**3 + 2*y + 3. Let c be d(x). Suppose -3*b = -c + 3. What is the units digit of b?
4
Suppose 1536 = 4*i + 8*i. What is the units digit of i?
8
Let c = 1 + -1. Let h be 2*1 - (3 - c). Let z(v) = -6*v**3 + 2*v**2 - 1. What is the units digit of z(h)?
7
Suppose 2 = y + 6, 2*z - 5*y + 12 = 0. What is the units digit of -1*(3 + z/4)?
1
Suppose -3*j - 27 = -5*i, -5*j + 11 = i - 0*j. Suppose -i = -p + 8. What is the tens digit of p?
1
What is the tens digit of 2 + 76 + (1 - -1)?
8
What is the units digit of (-4)/(-6) + (-831)/(-9)?
3
Suppose 0 = 4*j - 128 + 32. Suppose 5*g + 4*r + j - 131 = 0, g - 19 = -2*r. What is the tens digit of g?
2
Suppose -15*a + 21*a = 1278. What is the hundreds digit of a?
2
What is the units digit of 10*1*208/32?
5
Suppose 5*i - 497 = 8. What is the units digit of i?
1
Let u = -12 - -17. Let b be (6/u)/(6/20). Suppose b*l = 2*c - 0*c, 4*c - 21 = l. What is the units digit of c?
6
Let n be ((-8)/8)/((-1)/6). What is the units digit of 57/18 + (-1)/n?
3
Let h(z) = -7*z**2 - 5*z + 11. Let u(x) = -3*x**2 - 2*x + 5. Let j(f) = 2*h(f) - 5*u(f). Let p = -9 - -6. What is the units digit of j(p)?
6
Let h = -66 + 96. What is the units digit of h?
0
Let s(v) = 3*v**2 - 4*v + 23. What is the hundreds digit of s(6)?
1
Suppose -2*p - 2 + 6 = 0. Let x(s) = 4*s**3 - 2*s**2 - s. Let d be x(p). Let r = d - 15. What is the units digit of r?
7
Let d(l) = -l**3 + l**2 + 4*l + 3. Let h be (-5)/(-15) - 7/3. What is the units digit of d(h)?
7
Suppose 180 = 4*y - 68. What is the tens digit of y?
6
Let x(c) = c**3 - c**2 - 2*c + 1. Let q be x(-2). Let w = -1 - q. Suppose -w*y = -y - 5. What is the units digit of y?
1
Let z(j) = -4*j + 2. Let o be 0 + (3 - 4)*3. Let m(h) = 7*h - 3. Let f(w) = o*m(w) - 5*z(w). What is the tens digit of f(-11)?
1
Suppose 3*r = -r + 3*a + 368, 0 = 5*a + 20. What is the tens digit of r?
8
Let k(t) = -t + 15. Let i be k(7). Let v(f) = f**2 - 8*f + 3. What is the units digit of v(i)?
3
What is the units digit of 1*4*(-12)/(-48)?
1
Suppose -2*u = -0 - 6. Suppose -2*y - u*y = 0. Suppose -3*b + 2*b + 3 = y. What is the units digit of b?
3
Suppose 3*m - 4*z = -2, 2*m - 3*z + 5 = -4*z. Let r be 1 - m - 18/2. What is the units digit of (-2)/r - (-28)/6?
5
Let j = -16 - -43. Let u = -19 + j. What is the units digit of u?
8
Let o = -81 + 117. Suppose -p - p = -o. What is the units digit of 1/(-4) - p/(-8)?
2
Suppose 0 = 4*q - 0*q + 4. Suppose 2*l - 9 = -1. Let z = q + l. What is the units digit of z?
3
Let v = 68 + -57. What is the tens digit of v?
1
Suppose 2*i = -2*i + 20. Let q = 1 + i. What is the units digit of q?
6
Let z = -111 - -158. What is the tens digit of z?
4
Suppose -4*t + 3*t - d - 7 = 0, 0 = -t - 2*d - 3. Let p = t - -18. What is the units digit of p?
7
Let y = -21 - -38. What is the units digit of y?
7
Suppose -5 = -i - 0*i. Suppose y - 1 + 0 = 0, -4*y = -i*q + 31. What is the units digit of q?
7
Let q be 0 - 3 - 24/4. What is the units digit of (-174)/(-9) + 3/q?
9
Let o(l) = -5*l. Let f be o(-4). Suppose r - 4 + 3 = 0. What is the tens digit of f*r*4/5?
1
Let d be (-2)/(12/(-3))*4. Suppose h = -4, d*j + 0*j = 3*h + 18. What is the units digit of j?
3
Let w = -3 + 0. Suppose 4*f - v = 3*v + 28, 2*f - 5*v - 20 = 0. Let o = f + w. What is the units digit of o?
2
Let x(q) = 2*q**2 + 3*q - 2. Let s(l) = 3*l**2 + 5*l - 3. Let g(m) = -6*s(m) + 10*x(m). What is the units digit of g(5)?
8
Let y = -12 + 93. What is the tens digit of y?
8
Suppose -6*x - 20 = -8*x. What is the units digit of x?
0
Suppose -20 = 2*h - 4*l, -h + 2*h - 5*l + 25 = 0. Suppose -k + 2*k + 9 = h. Let r = 14 + k. What is the units digit of r?
5
Let z be 63*4/8*2. Let l = -38 + z. What is the units digit of l?
5
Let w be 6/(-2) - (-2 + 0). Let u = w + 3. Suppose 3*i = -u*i + 50. What is the tens digit of i?
1
Suppose -46 - 82 = -4*d. What is the units digit of d?
2
Let z(r) = -r + 4. Let n be z(6). Let c = n + 2. Suppose -5*u = 4*k, -4*u + c*k + 2*k = -26. What is the units digit of u?
4
Let p(v) = -v**3 - 6*v**2 - v - 2.